w) = -w**2 - 7*w + 2. Let f be s(-7). Suppose -3*x = -4*z + 39, 4*z + 5*x = f*z + 13. What is the greatest common divisor of z and 36?
9
Let j(b) = b**2 - 5*b - 20. Let y be j(-7). Calculate the greatest common factor of 32 and y.
32
Let p be 114/4*4/3. Let r = -12 + 16. Suppose r = 3*c - p. What is the highest common divisor of c and 2?
2
Let q(z) = -z**3 - 3*z**2 + z - 7. Let g be q(-5). Suppose -s + 101 = -f + 8, 382 = 4*s + f. Calculate the greatest common factor of g and s.
19
Let v(w) = 2*w**3 + 7*w**2 - 5*w - 4. Let z be v(4). Suppose -x = -2*b + z, -27 = -b + 4*x + 67. What is the greatest common divisor of 10 and b?
10
Let m(b) = 9*b + 3. Let i be m(3). Suppose -w + 32 = 4*q + 8, -i = -5*q + 5*w. Calculate the greatest common factor of 24 and q.
6
Let x be ((-3320)/15)/(-8) + (-1)/(-3). Let y(m) = 2*m + 2. Let l be y(2). Let k = 1 + l. Calculate the highest common factor of k and x.
7
Let d = 144 + -201. Let f = 20 - d. Let b = -10 + 21. Calculate the greatest common factor of f and b.
11
Let t(a) = a**2 + 1. Let r be t(2). Suppose -v + 5 = 5*h + 4*v, v - r = -3*h. What is the greatest common divisor of 14 and h?
2
Let a(z) = -9*z**3 + 2*z**2 + 4*z + 3. Let j be a(-1). What is the highest common divisor of j and 20?
10
Suppose -3*z + 3*c + 25 = -2*c, 14 = 2*z - 2*c. Let a = z - -5. Calculate the highest common divisor of 50 and a.
10
Let m(n) = -n**3 + 5*n**2 + n - 3. Let d be m(5). Suppose -5*i - d = -117. What is the greatest common factor of i and 23?
23
Suppose -4*o + 16 = 2*c, 35 = 4*c + 4*o + 7. Suppose 4 = r + 5*b - 1, -r + 50 = -4*b. Calculate the highest common factor of c and r.
6
Suppose 2*z - z - 155 = 2*s, 2*s + 3*z = -135. Let d = 13 - s. Suppose j = -0*j + 11. What is the highest common divisor of d and j?
11
Let m be ((-20)/(-30))/((-1)/(-3)). Let w be (2 - 4)*-17 - m. Calculate the highest common divisor of 48 and w.
16
Suppose -4*c - a + 51 = 0, 4*c - 34 - 12 = -2*a. Let d = -4 - -6. Let j be 633/9 - d/6. Calculate the greatest common factor of c and j.
14
Suppose -s - 5*c = 2, -7*s = -2*s + 5*c - 50. Calculate the greatest common divisor of s and 39.
13
Suppose 0 = 4*p - 9*p + 30. Let v(i) = i**2 - 4*i + 3. Let r be v(p). Let t(o) = 7*o + 2. Let x be t(4). What is the highest common factor of x and r?
15
Suppose 3*a + a = 952. Let j be (a/(-7))/(1/(-2)). What is the highest common factor of j and 17?
17
Let o be (1/(1/(-4)))/2. Let x be o/(-10) + (-84)/(-30). Suppose 0 = -x*t - 2*t - 4*h + 49, -2*t - 4*h = -10. What is the greatest common divisor of t and 91?
13
Suppose -17 = -2*j + 19. What is the greatest common factor of 198 and j?
18
Let k(y) = y**2 - 5*y - 9. Let q be k(7). Suppose 10 = 2*s, -q*s + 177 = 2*p - 100. What is the greatest common divisor of p and 18?
18
Suppose -4*v = 5*b - 0*v - 464, b + 2*v - 88 = 0. What is the highest common factor of b and 32?
32
Suppose 502 = -2*g + 1514. Calculate the greatest common divisor of 46 and g.
46
Let j be 15 - (-2)/(4/(-2)). Let o = 73 + -59. What is the highest common factor of j and o?
14
Let w = 37 + -19. Suppose 0 = -n + 4*n - w. Let s = -94 + 154. Calculate the greatest common divisor of s and n.
6
Let v(b) = -4*b**2 - b**2 - 5*b**3 + 6*b + 9 - 2*b**3 + 6*b**3. Let j be v(-6). Let m = -1 + 2. Calculate the greatest common factor of j and m.
1
Suppose 5*v - 5 = 0, 143 = 4*s - v + 4*v. Calculate the highest common divisor of s and 14.
7
Let u = -68 + 98. Calculate the highest common divisor of 12 and u.
6
Suppose 158*m - 48 = 156*m. What is the highest common factor of m and 3?
3
Suppose 0 = -2*h + h + 3*m + 17, -4*h + 4*m + 76 = 0. Suppose -h - 97 = -q. Let z = -81 + q. Calculate the highest common divisor of 9 and z.
9
Let w be (12/(-5))/((-3)/75). Let y be (w/(-16))/5*-44. What is the highest common factor of 11 and y?
11
Let m be ((-12)/(-7))/(2/(-28)). Let f = -13 - m. Let d = -56 + 111. Calculate the greatest common divisor of d and f.
11
Let c(t) = 2*t**3 - t + 2*t + 5*t**3 + t**3. Let o be c(1). Let i be (4/8)/((-1)/(-6)). Calculate the greatest common factor of i and o.
3
Let j be (-6)/3 - (1 - -6). Let k(r) = -8 - r**2 - 13*r + 7 - 8. Let l be k(j). What is the greatest common factor of l and 3?
3
Suppose k + 3*c = 51, -2*k - c - 67 = -3*k. Suppose 2*b = 5*w + 4, 0*b - 4*b - 4*w + 36 = 0. What is the greatest common factor of b and k?
7
Let o(j) = j**3 + 10*j**2 - 13*j - 2. Let p be o(-11). Calculate the highest common divisor of 40 and p.
20
Let g(h) = -h**3 + 10*h**2 + h - 10. Let k be g(10). Suppose -5*s + 4*y - 5*y + 116 = k, 5*s = 5*y + 140. What is the highest common factor of s and 60?
12
Let z = 17 + -9. Let v(k) = k**2 + 3*k - 24. Let j be v(8). Calculate the highest common divisor of z and j.
8
Let f be (-1)/(-2)*(32 - 0). Calculate the highest common factor of 16 and f.
16
Suppose 2*l - 9 = -l, 2*w = -3*l + 21. Let o be (-4)/w*-18*9. What is the greatest common factor of o and 12?
12
Let h be -1 - (0/2 + -2). Let p be 272/9 + (-4)/18. Suppose -2*o = 3*n - 0*o - 28, -4*n + o = -p. Calculate the greatest common factor of n and h.
1
Let d = -52 - -140. Let l = -64 + 72. Calculate the greatest common divisor of l and d.
8
Let y(c) = -c**2 - 8*c + 4. Let z be y(-6). Suppose -3*s = -z - 23. Calculate the highest common divisor of s and 91.
13
Let g = -4 + 2. Let i = g - -4. Suppose -4*n = -i*n + 3*c - 52, -2*n + c + 36 = 0. What is the highest common factor of 30 and n?
10
Let o be (-21)/(3*(-1)/2). Let x = -39 + 165. Calculate the highest common divisor of o and x.
14
Let l(r) = r + 1. Let w be l(3). Let d be w/(-14) + 88/14. What is the highest common factor of d and 15?
3
Let n be (7 - 1) + 1*-2. Suppose 6 - 2 = n*t. Calculate the highest common factor of 7 and t.
1
Suppose -4*y - 32 = -4*k, -60 = -3*k - 2*k - 5*y. Let f be (2 + 8 - -2) + -2. What is the highest common divisor of k and f?
10
Let l = 37 + -18. Let o = 1 + l. Calculate the highest common divisor of 50 and o.
10
Suppose -512 = 2*f - 6*f. Calculate the greatest common factor of 16 and f.
16
Suppose -h = 4*h + 5. Let k = h + 1. Let g = k - -20. Calculate the highest common factor of 10 and g.
10
Let s(d) = -d**3 - 4*d**2 + 4. Let w be s(-4). Suppose 0 = -r + w + 1. What is the greatest common factor of r and 55?
5
Let d(u) = 2*u**2 - 4*u. Suppose -3*s - p + 20 = 0, s = -p + 2*p. Let m be d(s). Calculate the highest common divisor of 15 and m.
15
Suppose -t + 5*t = 0. Suppose t = 4*y - 43 + 7. What is the greatest common divisor of y and 72?
9
Let k = -25 - -38. Let u(p) = -p - 6. Let w be u(-5). Let o(v) = -116*v + 1. Let c be o(w). Calculate the greatest common divisor of c and k.
13
Let t be 3/1 + 0 - 13. Let s be 4/3*(-75)/t. Let v = -9 - -19. Calculate the greatest common factor of v and s.
10
Suppose 4*p = -d + 66 - 6, -d = 5*p - 60. Calculate the highest common factor of 24 and d.
12
Suppose -2*q = -2*i - 108, 4*q = 3*i - 5*i - 138. Let o = -37 - i. Calculate the greatest common divisor of o and 66.
22
Let k(m) = m**3 + m**2 - m + 1. Let q be k(0). Calculate the greatest common divisor of q and 6.
1
Let x be 4/(-3 + 1) - 0. Let k(z) = 3*z**2. Let y be k(x). Calculate the greatest common divisor of y and 96.
12
Suppose 1425 = 4*g + 3*z, -2*z = -3*g + 332 + 758. What is the highest common factor of g and 40?
40
Let p(h) = -h**2 - 8*h. Let b be p(-7). Suppose z + 4*j - b = 0, 3*j + 3 + 55 = 5*z. What is the highest common factor of z and 11?
11
Let x = -82 - -218. Calculate the greatest common factor of 17 and x.
17
Let v = 90 + -48. Suppose 3*a - a = 0. Suppose -p + 5*s = -115, a*p - 5*p + 535 = -5*s. What is the highest common factor of p and v?
21
Let p be (-119)/(-9) - 2/9. Suppose 2*h - p = 3. Let q(n) = -n**2 + 8*n + 3. Let v be q(h). Calculate the greatest common factor of v and 24.
3
Let b = -1 - -17. What is the highest common divisor of 16 and b?
16
Suppose -4*y - 235 = a - 50, -4*y - 2*a = 190. Let j be ((-12)/(-14))/((-7)/49). Let u be y/(-6) + (-3)/j. What is the highest common divisor of u and 56?
8
Let a be (-5 - -8) + (2 - 12/3). Calculate the highest common factor of a and 10.
1
Let m(b) = 1 + 5*b**2 - 3 - 2*b - b**2 + 3*b. Let x be m(-2). Calculate the greatest common divisor of 30 and x.
6
Suppose 2*h + 4*j = 350, 4*j + 318 = 3*h - h. Let k = h + -46. Wha